e number?
False
Is 2063 composite?
False
Is 27143 a composite number?
False
Is 2231 a composite number?
True
Is 34321 composite?
True
Is 49097 composite?
True
Is 818374 prime?
False
Is 21583 a prime number?
False
Is 1423 a prime number?
True
Is 72139 a composite number?
False
Is 37 prime?
True
Is 307441 a prime number?
False
Is 32105 composite?
True
Is 146107 prime?
False
Is 9151 a prime number?
True
Is 50923 a prime number?
True
Is 5297 prime?
True
Is 422651 composite?
True
Is 8509 a prime number?
False
Is 78779 prime?
True
Is 157107 a composite number?
True
Is 1094259 a prime number?
False
Is 107599 a composite number?
False
Is 115339 prime?
False
Is 22577 a composite number?
True
Is 62233 composite?
False
Is 259759 composite?
True
Is 236953 a composite number?
True
Is 1249169 composite?
True
Is 11747 a prime number?
False
Is 658397 prime?
False
Is 414179 prime?
True
Is 7993 a composite number?
False
Is 238759 composite?
False
Is 1739 a composite number?
True
Is 543427 prime?
True
Is 125159 a prime number?
False
Is 1420399 a prime number?
True
Is 343973 composite?
True
Is 128591 prime?
True
Is 445099 prime?
False
Is 61781 a prime number?
True
Is 39359 a composite number?
False
Is 224137 prime?
False
Is 3713 prime?
False
Is 2927 a composite number?
False
Is 13361 prime?
False
Is 16519 composite?
False
Is 237467 composite?
False
Is 1591501 a prime number?
False
Is 114117 composite?
True
Is 2249 prime?
False
Is 55973 a prime number?
False
Is 111187 a composite number?
False
Is 38957 composite?
True
Is 217 composite?
True
Is 49355 prime?
False
Is 5207 composite?
True
Is 7639 a composite number?
False
Is 2437 a prime number?
True
Is 82439 prime?
False
Is 6469 a prime number?
True
Is 45439 a prime number?
True
Is 126823 composite?
False
Is 1138493 composite?
True
Is 22303 composite?
False
Is 7745 a prime number?
False
Is 7781 a composite number?
True
Is 2473 prime?
True
Is 59506 a prime number?
False
Is 404161 prime?
True
Is 52613 prime?
False
Is 18481 prime?
True
Is 1303955 a prime number?
False
Is 100599 a composite number?
True
Is 131419 a composite number?
True
Is 200221 a prime number?
False
Is 5919 prime?
False
Is 240763 a composite number?
False
Is 6247 a composite number?
False
Is 14197 composite?
False
Is 768029 a composite number?
False
Is 163679 a prime number?
True
Is 16811 prime?
True
Is 841683 prime?
False
Is 95861 a composite number?
True
Is 126537 prime?
False
Is 209471 prime?
True
Is 1615127 prime?
False
Is 22873 a prime number?
False
Is 95131 a prime number?
True
Is 9791 a composite number?
False
Is 9569 composite?
True
Is 637447 a prime number?
True
Is 3997649 a composite number?
False
Is 215087 a composite number?
False
Is 12149 a prime number?
True
Is 87601 composite?
True
Is 3953 a prime number?
False
Is 212441 composite?
True
Is 375353 a prime number?
False
Is 333857 a composite number?
False
Is 4507 prime?
True
Is 1733 a composite number?
False
Is 942063 prime?
False
Is 7253 composite?
False
Is 253615 a composite number?
True
Is 1814 a composite number?
True
Is 471571 a composite number?
False
Is 8899 a composite number?
True
Is 55969 prime?
False
Is 14621 a prime number?
True
Is 73943 prime?
True
Is 121651 a prime number?
False
Is 44819 a composite number?
False
Is 142799 composite?
False
Is 306439 a prime number?
False
Is 42631 composite?
True
Is 36511 composite?
True
Is 52385 a composite number?
True
Is 474899 prime?
True
Is 8335 composite?
True
Is 3545 composite?
True
Is 57958 prime?
False
Is 198301 prime?
True
Is 913853 composite?
False
Is 1175833 composite?
False
Is 19157 composite?
False
Is 300973 composite?
False
Is 838 composite?
True
Is 92674 prime?
False
Is 430439 prime?
False
Is 138179 a composite number?
False
Is 10589 composite?
False
Is 523117 a prime number?
False
Is 18931 composite?
True
Is 27179 a composite number?
False
Is 15397 a composite number?
True
Is 78789 prime?
False
Is 22541 a prime number?
True
Is 759073 prime?
False
Is 356129 a prime number?
True
Is 352007 a prime number?
True
Is 16127 a prime number?
True
Is 128273 a composite number?
False
Is 20921 a prime number?
True
Is 28801 a composite number?
True
Is 22863 prime?
False
Is 20109 a prime number?
False
Is 1217 a prime number?
True
Is 2071 composite?
True
Is 12233 prime?
False
Is 662857 a prime number?
False
Is 3150761 a composite number?
False
Is 165749 prime?
True
Is 87853 composite?
False
Is 49409 prime?
True
Is 2182 composite?
True
Is 10037 a composite number?
False
Is 257755 a composite number?
True
Is 4861 a composite number?
False
Is 166001 a composite number?
True
Is 3281 composite?
True
Is 12197 composite?
False
Is 579655 prime?
False
Is 224837 a composite number?
True
Is 1156007 composite?
True
Is 527941 prime?
True
Is 750287 prime?
True
Is 1022135 composite?
True
Is 155605 composite?
True
Is 2521 composite?
False
Is 36169 prime?
False
Is 107489 a composite number?
True
Is 99277 prime?
True
Is 15427 prime?
True
Is 247937 composite?
True
Is 97367 prime?
True
Is 23891 composite?
True
Is 790693 a prime number?
True
Is 9301 a prime number?
False
Is 770699 prime?
False
Is 36353 a prime number?
True
Is 25339 a composite number?
False
Is 118103 a composite number?
True
Is 1192011 a prime number?
False
Is 142271 composite?
False
Is 7287959 prime?
False
Is 3793 a composite number?
False
Is 78899 a composite number?
True
Is 589 a prime number?
False
Is 759073 a composite number?
True
Is 481345 a prime number?
False
Is 2361 a prime number?
False
Is 161221 prime?
True
Is 122891 a prime number?
True
Is 373 a composite number?
False
Is 527507 a prime number?
True
Is 86285 prime?
False
Is 5779 a prime number?
True
Is 720193 a composite number?
False
Is 35759 a composite number?
False
Is 993 a prime number?
False
Is 146459 a prime number?
False
Is 414443 composite?
True
Is 20977 a composite number?
True
Is 321799 composite?
False
Is 20047 a prime number?
True
Is 3202 a prime number?
False
Is 1025187 a composite number?
True
Is 53249 a prime number?
False
Is 73277 a prime number?
True
Is 1621 prime?
True
Is 330017 a prime number?
True
Is 76579 prime?
True
Is 4083 prime?
False
Is 13271 prime?
False
Is 59233 prime?
True
Is 439563 composite?
True
Is 11239 a prime number?
True
Is 1901407 a composite number?
False
Is 34019 prime?
True
Is 130415 composite?
True
Is 1847 composite?
False
Is 9901 a composite number?
False
Is 99973 a prime number?
False
Is 114967 prime?
True
Is 496973 prime?
False
Is 114113 a composite number?
False
Is 208787 a composite number?
False
Is 20014 a composite number?
True
Is 525533 a prime number?
True
Is 8047 prime?
False
Is 34373 prime?
False
Is 476579 prime?
True
Is 183457 a composite number?
True
Is 336183 a prime number?
False
Is 34027 a prime number?
False
Is 94421 a composite number?
False
Is 63197 a composite number?
False
Is 10133 a prime number?
True
Is 153407 composite?
False
Is 207833 a composite number?
False
Is 132491 composite?
False
Is 763853 prime?
False
Is 16057 composite?
False
Is 128549 a prime number?
True
Is 44809 prime?
True
Is 230539 composite?
False
Is 1847 a composite number?
False
Is 855367 a composite number?
True
Is 25031 a prime number?
True
Is 11411 composite?
False
Is 834173 a composite number?
True
Is 6467 a composite number?
True
Is 34781 a prime number?
True
Is 49141 composite?
True
Is 25523 prime?
True
Is 736613 a prime number?
False
Is 3989 composite?
False
Is 13367 prime?
True
Is 4229 composite?
False
Is 24571 composite?
False
Is 298729 composite?
True
Is 9127 a composite number?
False
Is 474557 composite?
False
Is 6187 composite?
True
Is 118049 composite?
True
Is 4393 a composite number?
True
Is 57203 a composite number?
False
Is 38993 a composite number?
False
Is 62371 composite?
True
Is 184741 prime?
False
Is 44159 a prime number?
True
Is 133053 a prime number?
False
Is 3803 prime?
True
Is 37109 prime?
False
Is 66739 a composite number?
False
Is 31439 prime?
False
Is 11959 a composite number?
False
Is 24931 composite?
True
Is 34537 prime?
True
Is 7789 composite?
False
Is 959561 prime?
True
Is 4571 a composite number?
True
Is 71917 prime?
True
Is 6337 a prime number?
True
Is 1409 prime?
True
Is 4883 prime?
False
Is 25301 a composite number?
False
Is 1370345 prime?
False
Is 1140253 com